e greatest common factor of 214920497 and 11?
11
What is the greatest common factor of 10836 and 1244712?
84
What is the highest common factor of 77 and 72508843?
11
What is the greatest common factor of 15903808 and 448?
64
Calculate the highest common divisor of 44664312 and 2310.
462
Calculate the highest common divisor of 2784293 and 25112.
3139
Calculate the highest common factor of 13869 and 46043271.
603
What is the greatest common factor of 189936 and 784?
16
What is the highest common divisor of 313271 and 469?
7
Calculate the highest common factor of 6446 and 3122794.
586
Calculate the highest common factor of 3063696 and 29631.
249
What is the greatest common factor of 23 and 472942422?
23
Calculate the greatest common divisor of 6743 and 362219.
11
What is the greatest common divisor of 265687 and 97639?
389
What is the greatest common divisor of 47874 and 939704?
202
Calculate the greatest common factor of 39342 and 40338.
498
Calculate the greatest common divisor of 77363122 and 46.
46
What is the greatest common divisor of 198656 and 35968?
128
Calculate the highest common divisor of 2880 and 1850552640.
2880
What is the highest common factor of 26761730 and 76640?
4790
What is the highest common divisor of 80826036 and 48?
12
Calculate the greatest common divisor of 194705 and 819.
7
Calculate the greatest common factor of 1919235 and 1035.
345
Calculate the greatest common divisor of 2332 and 45648900.
2332
Calculate the highest common divisor of 1104 and 27989436.
276
What is the highest common factor of 1431 and 9784966?
53
What is the greatest common divisor of 10691215 and 4182?
17
What is the highest common divisor of 1837056 and 3047408?
4784
What is the highest common divisor of 64896271 and 4299?
1433
What is the greatest common factor of 49372 and 12932?
4
Calculate the highest common divisor of 216763 and 3092689.
3053
Calculate the greatest common divisor of 759930185 and 35.
35
What is the greatest common factor of 658 and 57873215?
47
What is the greatest common factor of 34407252 and 276012?
6732
What is the highest common divisor of 2523 and 94376643?
87
What is the highest common factor of 177489550 and 350?
350
What is the highest common divisor of 8077790 and 140?
70
Calculate the greatest common factor of 396 and 133671186.
198
What is the highest common divisor of 406515 and 1827165?
615
Calculate the highest common divisor of 120372 and 191926.
14
What is the greatest common divisor of 29100325 and 2825?
2825
Calculate the greatest common factor of 34405811 and 2266.
1133
Calculate the greatest common divisor of 3330 and 872010.
90
Calculate the greatest common divisor of 3939 and 3014547.
303
Calculate the highest common divisor of 124 and 17898625.
31
What is the greatest common factor of 23428810 and 1160?
290
What is the highest common factor of 70 and 3082114?
14
Calculate the highest common divisor of 834768 and 10404592.
5456
What is the highest common factor of 23855303 and 509?
509
What is the highest common factor of 2829445 and 25?
5
Calculate the greatest common divisor of 50796550 and 2975.
175
What is the greatest common divisor of 3711848 and 170?
34
What is the highest common divisor of 184335006 and 7677?
2559
What is the highest common divisor of 1302 and 28039221?
651
What is the highest common divisor of 51408 and 10064?
272
Calculate the highest common divisor of 23436 and 607786.
62
What is the highest common factor of 93 and 701279303?
31
Calculate the greatest common factor of 30938789 and 6692.
1673
Calculate the highest common divisor of 559064208 and 336.
48
Calculate the greatest common divisor of 798 and 18030582.
114
Calculate the highest common factor of 12 and 1135726.
2
What is the greatest common divisor of 22430463 and 1683?
561
What is the greatest common factor of 388228419 and 7858?
3929
Calculate the highest common factor of 23870 and 7771610.
770
Calculate the greatest common divisor of 105014039 and 117.
13
What is the highest common factor of 5485 and 57?
1
What is the highest common factor of 189 and 912357?
27
What is the greatest common divisor of 40208 and 4912?
16
What is the greatest common divisor of 933445405 and 5591?
5591
What is the greatest common divisor of 6777563 and 249873?
1937
What is the highest common factor of 48 and 75067952?
16
Calculate the greatest common factor of 112 and 1912816.
16
What is the greatest common factor of 17 and 68262939?
17
Calculate the highest common divisor of 81786 and 3253371.
951
Calculate the highest common divisor of 8300144 and 48.
16
Calculate the greatest common factor of 314184 and 67944.
456
Calculate the highest common divisor of 1728 and 40585488.
48
Calculate the highest common divisor of 118 and 397483.
59
Calculate the highest common divisor of 466 and 20553396.
466
What is the highest common divisor of 25173648 and 34692?
708
Calculate the greatest common factor of 380 and 822548.
76
Calculate the greatest common divisor of 19196 and 15924.
4
Calculate the greatest common divisor of 20352 and 2876151.
159
What is the highest common factor of 2288 and 7051187?
143
What is the highest common divisor of 14982206 and 314634?
2558
Calculate the highest common factor of 27676512 and 515.
103
Calculate the highest common factor of 18698960 and 5600.
560
What is the highest common divisor of 2952 and 14331099?
123
What is the highest common divisor of 429 and 7484373?
39
What is the greatest common factor of 91548 and 2682?
18
Calculate the highest common divisor of 82 and 30698.
2
Calculate the greatest common divisor of 982 and 66390074.
982
What is the greatest common factor of 5635 and 640955?
35
Calculate the highest common divisor of 39091 and 589.
31
Calculate the highest common divisor of 2937169 and 506.
23
What is the greatest common divisor of 551 and 2867114?
29
What is the greatest common factor of 22532 and 3016?
4
Calculate the highest common divisor of 20436328 and 5060.
1012
Calculate the greatest common divisor of 15 and 174389115.
15
Calculate the greatest common factor of 151704 and 22424328.
3096
Calculate the highest common divisor of 697566 and 3762.
114
Calculate the highest common divisor of 64 and 212978816.
64
What is the greatest common divisor of 86 and 77787989?
43
Calculate the greatest common divisor of 92887476 and 38940.
7788
What is the highest common divisor of 49574688 and 3?
3
What is the greatest common divisor of 1020773 and 466?
233
What is the highest common divisor of 11720 and 176200?
40
Calculate the highest common divisor of 5791095 and 31205.
395
What is the highest common factor of 135 and 83605716?
27
Calculate the highest common divisor of 912 and 3064206.
114
Calculate the greatest common divisor of 612 and 5436.
36
Calculate the greatest common divisor of 2352381 and 16203.
1473
Calculate the greatest common divisor of 6937 and 1683709.
991
Calculate the greatest common divisor of 168 and 2096520.
24
What is the highest common divisor of 2644806 and 5886?
6
What is the highest common divisor of 234 and 843219?
117
What is the highest common factor of 63075 and 167160?
15
What is the greatest common factor of 10263 and 737913?
33
Calculate the greatest common divisor of 3486 and 29743133.
581
What is the highest common factor of 580 and 509305540?
580
What is the highest common factor of 261000 and 54500?
500
Calculate the highest common divisor of 48 and 467971760.
16
What is the greatest common divisor of 130166 and 9685054?
3518
Calculate the greatest common divisor of 14197021 and 3603.
1201
What is the highest common factor of 1760822 and 70?
14
What is the greatest common factor of 5 and 10552960?
5
What is the highest common divisor of 102134937 and 1884?
471
Calculate the greatest common factor of 2256 and 40322616.
1128
Calculate the highest common factor of 2275202 and 2421.
269
Calculate the highest common factor of 1518 and 7026960.
138
What is the greatest common divisor of 36 and 17008269?
3
What is the greatest common factor of 205800 and 8069880?
840
What is the greatest common divisor of 3783 and 104169?
39
Calculate the highest common divisor of 3488 and 1103516.
436
What is the greatest common divisor of 15 and 6731645?
5
Calculate the gr